{"id":258,"date":"2025-06-10T12:45:06","date_gmt":"2025-06-10T12:45:06","guid":{"rendered":"https:\/\/www.mielterresfroides.fr\/?post_type=product&#038;p=258"},"modified":"2025-06-27T14:31:23","modified_gmt":"2025-06-27T14:31:23","slug":"atelier-mise-en-hivernage","status":"publish","type":"product","link":"https:\/\/www.mielterresfroides.fr\/index.php\/produit\/atelier-mise-en-hivernage\/","title":{"rendered":"Atelier &#8211; Mise en Hivernage"},"content":{"rendered":"<p>Aux Abeilles Alpines vous propose un<span>\u00a0<\/span><strong>atelier d&rsquo;apiculture<\/strong><span>\u00a0<\/span>de mise en hivernage<\/p>\n<p>De la th\u00e9orie \u00e0 la pratique, nous r\u00e9pondrons \u00e0 toutes vos questions.<\/p>\n<p>Nous verrons les sujets suivants :<\/p>\n<ul>\n<li>Savoir estimer la force de la<span>\u00a0<\/span><strong>colonie d&rsquo;abeilles<\/strong>,<\/li>\n<li>Savoir estimer les r\u00e9serves,<\/li>\n<li>Contr\u00f4ler le<span>\u00a0<\/span><strong>varroa<\/strong>.<\/li>\n<\/ul>\n<p><span>Nous contacter pour convenir d&rsquo;une date et des horaires.\u00a0<\/span><\/p>\n<p><i>Les dates des ateliers peuvent changer en fonction de la m\u00e9t\u00e9o.<\/i><span><\/span><\/p>\n<p><em>Inscription via le site internet, par t\u00e9l\u00e9phone ou par mail.<\/em><\/p>\n<p><em>Nombre de places tr\u00e8s limit\u00e9es.<\/em><\/p>\n<p><i>En cas d&rsquo;absence, aucun\u00a0remboursement\u00a0ne sera effectu\u00e9, sauf en cas de force majeure.<\/i><\/p>\n","protected":false},"excerpt":{"rendered":"<p>Aux Abeilles Alpines vous propose un\u00a0atelier d&rsquo;apiculture\u00a0de mise en hivernage De la th\u00e9orie \u00e0 la pratique, nous r\u00e9pondrons \u00e0 toutes vos questions. Nous verrons les sujets suivants : Savoir estimer la force de la\u00a0colonie d&rsquo;abeilles, Savoir estimer les r\u00e9serves, Contr\u00f4ler le\u00a0varroa. Nous contacter pour convenir d&rsquo;une date et des horaires.\u00a0 [&hellip;]<\/p>\n","protected":false},"featured_media":380,"comment_status":"open","ping_status":"closed","template":"","meta":{"_themeisle_gutenberg_block_has_review":false},"product_brand":[],"product_cat":[21],"product_tag":[],"class_list":{"0":"post-258","1":"product","2":"type-product","3":"status-publish","4":"has-post-thumbnail","6":"product_cat-atelier","8":"first","9":"instock","10":"virtual","11":"taxable","12":"purchasable","13":"product-type-simple"},"_links":{"self":[{"href":"https:\/\/www.mielterresfroides.fr\/index.php\/wp-json\/wp\/v2\/product\/258","targetHints":{"allow":["GET"]}}],"collection":[{"href":"https:\/\/www.mielterresfroides.fr\/index.php\/wp-json\/wp\/v2\/product"}],"about":[{"href":"https:\/\/www.mielterresfroides.fr\/index.php\/wp-json\/wp\/v2\/types\/product"}],"replies":[{"embeddable":true,"href":"https:\/\/www.mielterresfroides.fr\/index.php\/wp-json\/wp\/v2\/comments?post=258"}],"wp:featuredmedia":[{"embeddable":true,"href":"https:\/\/www.mielterresfroides.fr\/index.php\/wp-json\/wp\/v2\/media\/380"}],"wp:attachment":[{"href":"https:\/\/www.mielterresfroides.fr\/index.php\/wp-json\/wp\/v2\/media?parent=258"}],"wp:term":[{"taxonomy":"product_brand","embeddable":true,"href":"https:\/\/www.mielterresfroides.fr\/index.php\/wp-json\/wp\/v2\/product_brand?post=258"},{"taxonomy":"product_cat","embeddable":true,"href":"https:\/\/www.mielterresfroides.fr\/index.php\/wp-json\/wp\/v2\/product_cat?post=258"},{"taxonomy":"product_tag","embeddable":true,"href":"https:\/\/www.mielterresfroides.fr\/index.php\/wp-json\/wp\/v2\/product_tag?post=258"}],"curies":[{"name":"wp","href":"https:\/\/api.w.org\/{rel}","templated":true}]}}