{"id":256,"date":"2025-06-10T12:43:17","date_gmt":"2025-06-10T12:43:17","guid":{"rendered":"https:\/\/www.mielterresfroides.fr\/?post_type=product&#038;p=256"},"modified":"2025-06-24T10:05:20","modified_gmt":"2025-06-24T10:05:20","slug":"atelier-faire-un-essaim","status":"publish","type":"product","link":"https:\/\/www.mielterresfroides.fr\/index.php\/produit\/atelier-faire-un-essaim\/","title":{"rendered":"Atelier &#8211; Faire un Essaim"},"content":{"rendered":"<p>Aux Abeilles Alpines vous propose un<strong><span>\u00a0<\/span>atelier d&rsquo;apiculture<\/strong><span>\u00a0<\/span>pour apprendre \u00e0 faire un essaim sans se prendre la t\u00eate.<\/p>\n<p>Vous ne savez pas o\u00f9 est votre reine et votre<span>\u00a0<\/span><strong>ruche est tr\u00e8s populeuse<\/strong><span>\u00a0<\/span>? Faite vite un essaim avec cette m\u00e9thode simple et rapide qui ne n\u00e9cessite pas de savoir o\u00f9 est sa reine.<\/p>\n<p>Cet atelier permettra d&rsquo;acqu\u00e9rir une technique simple pour<span>\u00a0<\/span><strong>r\u00e9aliser un essaim<\/strong><span>\u00a0<\/span>et permettre \u00e0 sa ruche de<span>\u00a0<\/span><strong>faire du miel.<\/strong><\/p>\n<p>De la th\u00e9orie \u00e0 la pratique, nous r\u00e9pondrons \u00e0 toutes vos questions.<\/p>\n<p>Nous verrons les sujets suivants :<\/p>\n<ul>\n<li>Couper sa<strong><span>\u00a0<\/span>ruche<\/strong><span>\u00a0<\/span>en 2,<\/li>\n<li>Pr\u00e9venir<span>\u00a0<\/span><strong>l&rsquo;essaimage<\/strong>,<\/li>\n<li>Bien d\u00e9marrer sur quelques cadres.<\/li>\n<\/ul>\n<p><span>Nous contacter pour convenir d&rsquo;une date et des horaires, \u00e0 partir de mi avril.<\/span><\/p>\n<p><i>Les dates des ateliers peuvent changer en fonction de la m\u00e9t\u00e9o.<\/i><span><\/span><\/p>\n<p><em>Inscription via le site internet, par t\u00e9l\u00e9phone ou par mail.<\/em><\/p>\n<p><em>Nombre de places tr\u00e8s limit\u00e9es.<\/em><\/p>\n<p><i>En cas d&rsquo;absence, aucun\u00a0remboursement\u00a0ne sera effectu\u00e9, sauf en cas de force majeure.<\/i><\/p>\n","protected":false},"excerpt":{"rendered":"<p>Aux Abeilles Alpines vous propose un\u00a0atelier d&rsquo;apiculture\u00a0pour apprendre \u00e0 faire un essaim sans se prendre la t\u00eate. Vous ne savez pas o\u00f9 est votre reine et votre\u00a0ruche est tr\u00e8s populeuse\u00a0? Faite vite un essaim avec cette m\u00e9thode simple et rapide qui ne n\u00e9cessite pas de savoir o\u00f9 est sa reine. [&hellip;]<\/p>\n","protected":false},"featured_media":338,"comment_status":"open","ping_status":"closed","template":"","meta":{"_themeisle_gutenberg_block_has_review":false},"product_brand":[],"product_cat":[21],"product_tag":[],"class_list":{"0":"post-256","1":"product","2":"type-product","3":"status-publish","4":"has-post-thumbnail","6":"product_cat-atelier","8":"first","9":"instock","10":"virtual","11":"taxable","12":"purchasable","13":"product-type-simple"},"_links":{"self":[{"href":"https:\/\/www.mielterresfroides.fr\/index.php\/wp-json\/wp\/v2\/product\/256","targetHints":{"allow":["GET"]}}],"collection":[{"href":"https:\/\/www.mielterresfroides.fr\/index.php\/wp-json\/wp\/v2\/product"}],"about":[{"href":"https:\/\/www.mielterresfroides.fr\/index.php\/wp-json\/wp\/v2\/types\/product"}],"replies":[{"embeddable":true,"href":"https:\/\/www.mielterresfroides.fr\/index.php\/wp-json\/wp\/v2\/comments?post=256"}],"wp:featuredmedia":[{"embeddable":true,"href":"https:\/\/www.mielterresfroides.fr\/index.php\/wp-json\/wp\/v2\/media\/338"}],"wp:attachment":[{"href":"https:\/\/www.mielterresfroides.fr\/index.php\/wp-json\/wp\/v2\/media?parent=256"}],"wp:term":[{"taxonomy":"product_brand","embeddable":true,"href":"https:\/\/www.mielterresfroides.fr\/index.php\/wp-json\/wp\/v2\/product_brand?post=256"},{"taxonomy":"product_cat","embeddable":true,"href":"https:\/\/www.mielterresfroides.fr\/index.php\/wp-json\/wp\/v2\/product_cat?post=256"},{"taxonomy":"product_tag","embeddable":true,"href":"https:\/\/www.mielterresfroides.fr\/index.php\/wp-json\/wp\/v2\/product_tag?post=256"}],"curies":[{"name":"wp","href":"https:\/\/api.w.org\/{rel}","templated":true}]}}