{"id":297,"date":"2025-06-23T12:21:26","date_gmt":"2025-06-23T12:21:26","guid":{"rendered":"https:\/\/www.mielterresfroides.fr\/?page_id=297"},"modified":"2025-06-27T14:28:10","modified_gmt":"2025-06-27T14:28:10","slug":"parrainage","status":"publish","type":"page","link":"https:\/\/www.mielterresfroides.fr\/index.php\/parrainage\/","title":{"rendered":"Parrainage"},"content":{"rendered":"<h1 class=\"wp-block-heading has-text-align-center\">Parrainage de ruches en entreprise<\/h1><div class=\"wp-block-columns is-layout-flex wp-container-core-columns-is-layout-28f84493 wp-block-columns-is-layout-flex\"><div class=\"wp-block-column is-layout-flow wp-block-column-is-layout-flow\" style=\"flex-basis:33.33%\"><figure class=\"wp-block-image size-large\"><img fetchpriority=\"high\" decoding=\"async\" width=\"1024\" height=\"1024\" src=\"https:\/\/www.mielterresfroides.fr\/wp-content\/uploads\/2025\/06\/IMG_20221113_191139-1024x1024.jpg\" alt=\"\" class=\"wp-image-352\" srcset=\"https:\/\/www.mielterresfroides.fr\/wp-content\/uploads\/2025\/06\/IMG_20221113_191139-1024x1024.jpg 1024w, https:\/\/www.mielterresfroides.fr\/wp-content\/uploads\/2025\/06\/IMG_20221113_191139-300x300.jpg 300w, https:\/\/www.mielterresfroides.fr\/wp-content\/uploads\/2025\/06\/IMG_20221113_191139-150x150.jpg 150w, https:\/\/www.mielterresfroides.fr\/wp-content\/uploads\/2025\/06\/IMG_20221113_191139-768x768.jpg 768w, https:\/\/www.mielterresfroides.fr\/wp-content\/uploads\/2025\/06\/IMG_20221113_191139-1536x1536.jpg 1536w, https:\/\/www.mielterresfroides.fr\/wp-content\/uploads\/2025\/06\/IMG_20221113_191139-2048x2048.jpg 2048w, https:\/\/www.mielterresfroides.fr\/wp-content\/uploads\/2025\/06\/IMG_20221113_191139-600x600.jpg 600w, https:\/\/www.mielterresfroides.fr\/wp-content\/uploads\/2025\/06\/IMG_20221113_191139-160x160.jpg 160w\" sizes=\"(max-width: 1024px) 100vw, 1024px\" \/><\/figure><\/div>\n\n<div class=\"wp-block-column is-layout-flow wp-block-column-is-layout-flow\" style=\"flex-basis:66.66%\"><h5 class=\"wp-block-heading\"><strong>Pour qui ?<\/strong><\/h5>\n\n<p>Que vous soyez une entreprise, une institution ou une collectivit\u00e9 locale nous vous proposons une offre compl\u00e8te et adapt\u00e9e.<\/p>\n\n<h5 class=\"wp-block-heading\"><strong>Quoi ?<\/strong><\/h5>\n\n<p>Nous vous proposons de parrainer une ruche se trouvant dans nos ruchers, ce qui ne n\u00e9cessite de votre part aucune comp\u00e9tence particuli\u00e8re en mati\u00e8re d\u2019apiculture.<\/p>\n\n<p>Parrainer une ruche vous permet de disposer :<\/p>\n\n<ul class=\"wp-block-list\"><li>D\u2019une ruche aux couleurs de votre entreprise sur notre rucher<\/li>\n\n<li>35 pots de miel de 150 Gr \u00e0 votre image par ruche<\/li>\n\n<li>D\u2019un bulletin d\u2019information trimestriel sur la vie de la ruche, de l\u2019environnement, des vid\u00e9os mensuelles.<\/li><\/ul>\n\n<h5 class=\"wp-block-heading\"><strong>O\u00f9 ?<\/strong><\/h5>\n\n<p>Les ruches sont install\u00e9es dans un de nos ruchers.<\/p><\/div><\/div><hr class=\"wp-block-separator has-alpha-channel-opacity\"\/><div class=\"wp-block-columns is-layout-flex wp-container-core-columns-is-layout-28f84493 wp-block-columns-is-layout-flex\"><div class=\"wp-block-column is-layout-flow wp-block-column-is-layout-flow\"><figure class=\"wp-block-image size-large\"><img decoding=\"async\" width=\"1024\" height=\"1024\" src=\"https:\/\/www.mielterresfroides.fr\/wp-content\/uploads\/2025\/06\/8-1024x1024.jpg\" alt=\"\" class=\"wp-image-304\" srcset=\"https:\/\/www.mielterresfroides.fr\/wp-content\/uploads\/2025\/06\/8-1024x1024.jpg 1024w, https:\/\/www.mielterresfroides.fr\/wp-content\/uploads\/2025\/06\/8-300x300.jpg 300w, https:\/\/www.mielterresfroides.fr\/wp-content\/uploads\/2025\/06\/8-150x150.jpg 150w, https:\/\/www.mielterresfroides.fr\/wp-content\/uploads\/2025\/06\/8-768x768.jpg 768w, https:\/\/www.mielterresfroides.fr\/wp-content\/uploads\/2025\/06\/8-600x600.jpg 600w, https:\/\/www.mielterresfroides.fr\/wp-content\/uploads\/2025\/06\/8-160x160.jpg 160w, https:\/\/www.mielterresfroides.fr\/wp-content\/uploads\/2025\/06\/8.jpg 1080w\" sizes=\"(max-width: 1024px) 100vw, 1024px\" \/><\/figure><\/div>\n\n<div class=\"wp-block-column is-layout-flow wp-block-column-is-layout-flow\"><figure class=\"wp-block-image size-large\"><img decoding=\"async\" width=\"1024\" height=\"1024\" src=\"https:\/\/www.mielterresfroides.fr\/wp-content\/uploads\/2025\/06\/9-1024x1024.jpg\" alt=\"\" class=\"wp-image-305\" srcset=\"https:\/\/www.mielterresfroides.fr\/wp-content\/uploads\/2025\/06\/9-1024x1024.jpg 1024w, https:\/\/www.mielterresfroides.fr\/wp-content\/uploads\/2025\/06\/9-300x300.jpg 300w, https:\/\/www.mielterresfroides.fr\/wp-content\/uploads\/2025\/06\/9-150x150.jpg 150w, https:\/\/www.mielterresfroides.fr\/wp-content\/uploads\/2025\/06\/9-768x768.jpg 768w, https:\/\/www.mielterresfroides.fr\/wp-content\/uploads\/2025\/06\/9-600x600.jpg 600w, https:\/\/www.mielterresfroides.fr\/wp-content\/uploads\/2025\/06\/9-160x160.jpg 160w, https:\/\/www.mielterresfroides.fr\/wp-content\/uploads\/2025\/06\/9.jpg 1080w\" sizes=\"(max-width: 1024px) 100vw, 1024px\" \/><\/figure><\/div><\/div><div class=\"wp-block-columns is-layout-flex wp-container-core-columns-is-layout-28f84493 wp-block-columns-is-layout-flex\"><div class=\"wp-block-column is-layout-flow wp-block-column-is-layout-flow\" style=\"flex-basis:66.66%\"><h5 class=\"wp-block-heading has-text-align-left\"><strong>Comment ?<\/strong><\/h5><\/div>\n\n<div class=\"wp-block-column is-layout-flow wp-block-column-is-layout-flow\" style=\"flex-basis:33.33%\"><\/div><\/div><h6 class=\"wp-block-heading\">Sur le terrain : <\/h6><ul class=\"wp-block-list\"><li>D\u00e8s la signature du contrat, pr\u00e9paration de vos ruches \u00e0 vos couleurs.<\/li>\n\n<li>Entretien annuel du rucher : de la visite de printemps \u00e0 la r\u00e9colte du miel jusqu\u2019\u00e0 l\u2019hivernage.<\/li>\n\n<li>A chaque passage, nous contr\u00f4lons la bonne sant\u00e9 de la ruche.<\/li><\/ul><h6 class=\"wp-block-heading\">Administration, communication :<\/h6><ul class=\"wp-block-list\"><li>Chaque trimestre, des nouvelles sur le suivi des ruches avec photos et vid\u00e9os, (lorsque l\u2019ouverture de la ruche le permet en hiver) afin de d\u00e9couvrir la vie de vos ruches, la r\u00e9colte du miel, et les propri\u00e9t\u00e9s des produits r\u00e9colt\u00e9s par les abeilles.<\/li>\n\n<li>La gestion administrative : d\u00e9claration aux organismes, tenue du registre d\u2019\u00e9levage.<\/li><\/ul><div class=\"wp-block-columns is-layout-flex wp-container-core-columns-is-layout-28f84493 wp-block-columns-is-layout-flex\"><div class=\"wp-block-column is-layout-flow wp-block-column-is-layout-flow\"><figure class=\"wp-block-image size-large\"><img loading=\"lazy\" decoding=\"async\" width=\"1024\" height=\"1024\" src=\"https:\/\/www.mielterresfroides.fr\/wp-content\/uploads\/2025\/06\/Photos-pese-et-lots-La-Cire-Du-38-1-1024x1024.jpg\" alt=\"\" class=\"wp-image-301\" srcset=\"https:\/\/www.mielterresfroides.fr\/wp-content\/uploads\/2025\/06\/Photos-pese-et-lots-La-Cire-Du-38-1-1024x1024.jpg 1024w, https:\/\/www.mielterresfroides.fr\/wp-content\/uploads\/2025\/06\/Photos-pese-et-lots-La-Cire-Du-38-1-300x300.jpg 300w, https:\/\/www.mielterresfroides.fr\/wp-content\/uploads\/2025\/06\/Photos-pese-et-lots-La-Cire-Du-38-1-150x150.jpg 150w, https:\/\/www.mielterresfroides.fr\/wp-content\/uploads\/2025\/06\/Photos-pese-et-lots-La-Cire-Du-38-1-768x768.jpg 768w, https:\/\/www.mielterresfroides.fr\/wp-content\/uploads\/2025\/06\/Photos-pese-et-lots-La-Cire-Du-38-1-600x600.jpg 600w, https:\/\/www.mielterresfroides.fr\/wp-content\/uploads\/2025\/06\/Photos-pese-et-lots-La-Cire-Du-38-1-160x160.jpg 160w, https:\/\/www.mielterresfroides.fr\/wp-content\/uploads\/2025\/06\/Photos-pese-et-lots-La-Cire-Du-38-1.jpg 1080w\" sizes=\"(max-width: 1024px) 100vw, 1024px\" \/><\/figure><\/div>\n\n<div class=\"wp-block-column is-layout-flow wp-block-column-is-layout-flow\"><figure class=\"wp-block-image size-large\"><img loading=\"lazy\" decoding=\"async\" width=\"1024\" height=\"1024\" src=\"https:\/\/www.mielterresfroides.fr\/wp-content\/uploads\/2025\/06\/Photos-pese-et-lots-La-Cire-Du-38-3-1024x1024.jpg\" alt=\"\" class=\"wp-image-322\" srcset=\"https:\/\/www.mielterresfroides.fr\/wp-content\/uploads\/2025\/06\/Photos-pese-et-lots-La-Cire-Du-38-3-1024x1024.jpg 1024w, https:\/\/www.mielterresfroides.fr\/wp-content\/uploads\/2025\/06\/Photos-pese-et-lots-La-Cire-Du-38-3-300x300.jpg 300w, https:\/\/www.mielterresfroides.fr\/wp-content\/uploads\/2025\/06\/Photos-pese-et-lots-La-Cire-Du-38-3-150x150.jpg 150w, https:\/\/www.mielterresfroides.fr\/wp-content\/uploads\/2025\/06\/Photos-pese-et-lots-La-Cire-Du-38-3-768x768.jpg 768w, https:\/\/www.mielterresfroides.fr\/wp-content\/uploads\/2025\/06\/Photos-pese-et-lots-La-Cire-Du-38-3-600x600.jpg 600w, https:\/\/www.mielterresfroides.fr\/wp-content\/uploads\/2025\/06\/Photos-pese-et-lots-La-Cire-Du-38-3-160x160.jpg 160w, https:\/\/www.mielterresfroides.fr\/wp-content\/uploads\/2025\/06\/Photos-pese-et-lots-La-Cire-Du-38-3.jpg 1080w\" sizes=\"(max-width: 1024px) 100vw, 1024px\" \/><\/figure><\/div><\/div><h5 class=\"wp-block-heading\">Pourquoi ?<\/h5><ul class=\"wp-block-list\"><li>Vous renforcez l\u2019image de marque de votre entreprise \u00e0 travers une action forte : la protection de l\u2019abeille.<\/li>\n\n<li>Vous pouvez mettre en place une communication innovante.<\/li>\n\n<li>Vous offrez un cadeau d\u2019entreprise personnalis\u00e9, d\u00e9marquant et distinctif.<\/li>\n\n<li>Vous f\u00e9d\u00e9rez un projet dynamique et valorisant : Vos \u00e9quipes sont sensibilis\u00e9es aux enjeux environnementaux. ainsi que vos clients.<\/li>\n\n<li>Vous montrez votre engagement envers l\u2019environnement et la biodiversit\u00e9.<\/li>\n\n<li>Vous obtenez des points pour obtenir des labels et des certifications, comme la certification ISO 26000 et renforcez ainsi votre d\u00e9marche RSE et environnementale.<\/li><\/ul><div id=\"wp-block-themeisle-blocks-advanced-columns-0756495c\" class=\"wp-block-themeisle-blocks-advanced-columns alignfull has-2-columns has-desktop-equal-layout has-tablet-equal-layout has-mobile-collapsedRows-layout has-vertical-unset has-light-bg\"><div class=\"wp-block-themeisle-blocks-advanced-columns-overlay\"><\/div><div class=\"innerblocks-wrap\"><div id=\"wp-block-themeisle-blocks-advanced-column-6e902b2a\" class=\"wp-block-themeisle-blocks-advanced-column has-light-bg\"><figure class=\"wp-block-image size-large has-custom-border\"><img loading=\"lazy\" decoding=\"async\" width=\"1024\" height=\"1024\" src=\"https:\/\/www.mielterresfroides.fr\/wp-content\/uploads\/2025\/06\/12-1024x1024.jpg\" alt=\"\" class=\"wp-image-345\" style=\"border-style:none;border-width:0px;border-radius:0px\" srcset=\"https:\/\/www.mielterresfroides.fr\/wp-content\/uploads\/2025\/06\/12-1024x1024.jpg 1024w, https:\/\/www.mielterresfroides.fr\/wp-content\/uploads\/2025\/06\/12-300x300.jpg 300w, https:\/\/www.mielterresfroides.fr\/wp-content\/uploads\/2025\/06\/12-150x150.jpg 150w, https:\/\/www.mielterresfroides.fr\/wp-content\/uploads\/2025\/06\/12-768x768.jpg 768w, https:\/\/www.mielterresfroides.fr\/wp-content\/uploads\/2025\/06\/12-600x600.jpg 600w, https:\/\/www.mielterresfroides.fr\/wp-content\/uploads\/2025\/06\/12-160x160.jpg 160w, https:\/\/www.mielterresfroides.fr\/wp-content\/uploads\/2025\/06\/12.jpg 1080w\" sizes=\"(max-width: 1024px) 100vw, 1024px\" \/><\/figure>\n\n<div id=\"wp-block-themeisle-blocks-advanced-columns-e37edc14\" class=\"wp-block-themeisle-blocks-advanced-columns has-1-columns has-desktop-equal-layout has-tablet-equal-layout has-mobile-equal-layout has-vertical-unset\"><div class=\"wp-block-themeisle-blocks-advanced-columns-overlay\"><\/div><div class=\"innerblocks-wrap\"><div id=\"wp-block-themeisle-blocks-advanced-column-7030cb7b\" class=\"wp-block-themeisle-blocks-advanced-column\"><h4 class=\"wp-block-heading\">Parrainage d&rsquo;une ruche<\/h4>\n\n<p class=\"has-text-color has-link-color wp-elements-497b9167626854779634b0a955cec8e5\" style=\"color:#070731\">L&rsquo;entreprise re\u00e7oit 35 pots de miel de 150 gr ou 21 pots en 250 gr personnalis\u00e9s \u00e0 son logo<\/p>\n\n<h6 class=\"wp-block-heading has-text-color\" style=\"color:#fdb72b\"><a href=\"https:\/\/www.mielterresfroides.fr\/index.php\/contact\/\" data-type=\"page\" data-id=\"365\">EN SAVOIR PLUS<\/a><\/h6><\/div><\/div><\/div><\/div>\n\n<div id=\"wp-block-themeisle-blocks-advanced-column-33e99253\" class=\"wp-block-themeisle-blocks-advanced-column has-light-bg\"><figure class=\"wp-block-image size-large has-custom-border\"><img loading=\"lazy\" decoding=\"async\" width=\"1024\" height=\"1024\" src=\"https:\/\/www.mielterresfroides.fr\/wp-content\/uploads\/2025\/06\/11-1024x1024.jpg\" alt=\"\" class=\"wp-image-346\" style=\"border-style:none;border-width:0px;border-radius:0px\" srcset=\"https:\/\/www.mielterresfroides.fr\/wp-content\/uploads\/2025\/06\/11-1024x1024.jpg 1024w, https:\/\/www.mielterresfroides.fr\/wp-content\/uploads\/2025\/06\/11-300x300.jpg 300w, https:\/\/www.mielterresfroides.fr\/wp-content\/uploads\/2025\/06\/11-150x150.jpg 150w, https:\/\/www.mielterresfroides.fr\/wp-content\/uploads\/2025\/06\/11-768x768.jpg 768w, https:\/\/www.mielterresfroides.fr\/wp-content\/uploads\/2025\/06\/11-600x600.jpg 600w, https:\/\/www.mielterresfroides.fr\/wp-content\/uploads\/2025\/06\/11-160x160.jpg 160w, https:\/\/www.mielterresfroides.fr\/wp-content\/uploads\/2025\/06\/11.jpg 1080w\" sizes=\"(max-width: 1024px) 100vw, 1024px\" \/><\/figure>\n\n<div id=\"wp-block-themeisle-blocks-advanced-columns-ada2687f\" class=\"wp-block-themeisle-blocks-advanced-columns has-1-columns has-desktop-equal-layout has-tablet-equal-layout has-mobile-equal-layout has-vertical-unset\"><div class=\"wp-block-themeisle-blocks-advanced-columns-overlay\"><\/div><div class=\"innerblocks-wrap\"><div id=\"wp-block-themeisle-blocks-advanced-column-00013bfb\" class=\"wp-block-themeisle-blocks-advanced-column\"><h4 class=\"wp-block-heading has-text-color has-link-color wp-elements-31aa6f3cbf0c228a47802cb5acdce09a\" style=\"color:#070731\">Parrainage de 3 ruches<\/h4>\n\n<p class=\"has-text-color has-link-color wp-elements-ff33b3d5a76faf3e286ffaa31c34f679\" style=\"color:#070731\">L&rsquo;entreprise re\u00e7oit 105 pots de miel de 150g ou 63 pots de 250 gr personnalis\u00e9s \u00e0 son logo,<\/p>\n\n<h6 class=\"wp-block-heading has-text-color\" style=\"color:#fdb72b\"><a href=\"https:\/\/www.mielterresfroides.fr\/index.php\/contact\/\" data-type=\"page\" data-id=\"365\">EN SAVOIR PLUS<\/a><\/h6><\/div><\/div><\/div><\/div><\/div><\/div><h5 class=\"wp-block-heading has-text-align-center\"><\/h5>","protected":false},"excerpt":{"rendered":"<p>Parrainage de ruches en entreprise Pour qui ? Que vous soyez une entreprise, une institution ou une collectivit\u00e9 locale nous vous proposons une offre compl\u00e8te et adapt\u00e9e. Quoi ? Nous vous proposons de parrainer une ruche se trouvant dans nos ruchers, ce qui ne n\u00e9cessite de votre part aucune comp\u00e9tence [&hellip;]<\/p>\n","protected":false},"author":1,"featured_media":0,"parent":0,"menu_order":0,"comment_status":"closed","ping_status":"closed","template":"","meta":{"_themeisle_gutenberg_block_has_review":false,"footnotes":""},"class_list":["post-297","page","type-page","status-publish","hentry"],"_links":{"self":[{"href":"https:\/\/www.mielterresfroides.fr\/index.php\/wp-json\/wp\/v2\/pages\/297","targetHints":{"allow":["GET"]}}],"collection":[{"href":"https:\/\/www.mielterresfroides.fr\/index.php\/wp-json\/wp\/v2\/pages"}],"about":[{"href":"https:\/\/www.mielterresfroides.fr\/index.php\/wp-json\/wp\/v2\/types\/page"}],"author":[{"embeddable":true,"href":"https:\/\/www.mielterresfroides.fr\/index.php\/wp-json\/wp\/v2\/users\/1"}],"replies":[{"embeddable":true,"href":"https:\/\/www.mielterresfroides.fr\/index.php\/wp-json\/wp\/v2\/comments?post=297"}],"version-history":[{"count":21,"href":"https:\/\/www.mielterresfroides.fr\/index.php\/wp-json\/wp\/v2\/pages\/297\/revisions"}],"predecessor-version":[{"id":378,"href":"https:\/\/www.mielterresfroides.fr\/index.php\/wp-json\/wp\/v2\/pages\/297\/revisions\/378"}],"wp:attachment":[{"href":"https:\/\/www.mielterresfroides.fr\/index.php\/wp-json\/wp\/v2\/media?parent=297"}],"curies":[{"name":"wp","href":"https:\/\/api.w.org\/{rel}","templated":true}]}}