{"id":26,"date":"2025-05-12T08:07:27","date_gmt":"2025-05-12T08:07:27","guid":{"rendered":"https:\/\/www.mielterresfroides.fr\/?page_id=26"},"modified":"2025-06-27T14:29:13","modified_gmt":"2025-06-27T14:29:13","slug":"qui-suis-je","status":"publish","type":"page","link":"https:\/\/www.mielterresfroides.fr\/index.php\/qui-suis-je\/","title":{"rendered":"Qui sommes-nous ?"},"content":{"rendered":"<div class=\"wp-block-columns is-layout-flex wp-container-core-columns-is-layout-28f84493 wp-block-columns-is-layout-flex\"><div class=\"wp-block-column is-layout-flow wp-block-column-is-layout-flow\"><div class=\"wp-block-image\"><figure class=\"alignleft size-full\"><img fetchpriority=\"high\" decoding=\"async\" width=\"800\" height=\"800\" src=\"https:\/\/www.mielterresfroides.fr\/wp-content\/uploads\/2025\/06\/pot-plastique-1kg.jpg\" alt=\"\" class=\"wp-image-358\" srcset=\"https:\/\/www.mielterresfroides.fr\/wp-content\/uploads\/2025\/06\/pot-plastique-1kg.jpg 800w, https:\/\/www.mielterresfroides.fr\/wp-content\/uploads\/2025\/06\/pot-plastique-1kg-300x300.jpg 300w, https:\/\/www.mielterresfroides.fr\/wp-content\/uploads\/2025\/06\/pot-plastique-1kg-150x150.jpg 150w, https:\/\/www.mielterresfroides.fr\/wp-content\/uploads\/2025\/06\/pot-plastique-1kg-768x768.jpg 768w, https:\/\/www.mielterresfroides.fr\/wp-content\/uploads\/2025\/06\/pot-plastique-1kg-600x600.jpg 600w, https:\/\/www.mielterresfroides.fr\/wp-content\/uploads\/2025\/06\/pot-plastique-1kg-160x160.jpg 160w\" sizes=\"(max-width: 800px) 100vw, 800px\" \/><\/figure><\/div><\/div>\n\n<div class=\"wp-block-column is-layout-flow wp-block-column-is-layout-flow\"><p>Je m\u2019appelle <strong>Delphine<\/strong>, et cela fait plus de 20 ans que je vis au rythme des abeilles, dans les <strong>Terres Froides<\/strong>, au c\u0153ur de l\u2019Is\u00e8re.<\/p>\n\n<p>Cette r\u00e9gion, riche en biodiversit\u00e9 et en paysages pr\u00e9serv\u00e9s, est le berceau de ma passion et le terrain de mes ruches. Ici, la nature guide mon travail, saison apr\u00e8s saison.<\/p>\n\n<p>Mon aventure a commenc\u00e9 avec une seule ruche, par curiosit\u00e9\u2026 puis tr\u00e8s vite, c\u2019est devenu une \u00e9vidence. <\/p>\n\n<p>L\u2019apiculture m\u2019a appris la patience, l\u2019humilit\u00e9 et l\u2019\u00e9coute. <\/p>\n\n<p>Avec le temps, j\u2019ai choisi une approche <strong>douce, respectueuse et artisanale<\/strong>, privil\u00e9giant la qualit\u00e9 du miel, le bien-\u00eatre des abeilles et l\u2019\u00e9quilibre de l\u2019\u00e9cosyst\u00e8me.<\/p><\/div><\/div><div id=\"wp-block-themeisle-blocks-slider-ddeac8ff\" class=\"wp-block-themeisle-blocks-slider glide\" data-per-view=\"1\" data-gap=\"0\" data-peek=\"0\" data-autoplay=\"true\" data-height=\"400px\" data-hide-arrows=\"false\"><div class=\"glide__track\" data-glide-el=\"track\"><div class=\"glide__slides\"><div class=\"wp-block-themeisle-blocks-slider-item-wrapper glide__slide\" tabindex=\"0\"><figure><img decoding=\"async\" class=\"wp-block-themeisle-blocks-slider-item\" src=\"https:\/\/www.mielterresfroides.fr\/wp-content\/uploads\/2025\/05\/20250410_105018-scaled.jpg\" alt=\"\" title=\"\" data-id=\"19\"\/><\/figure><\/div><div class=\"wp-block-themeisle-blocks-slider-item-wrapper glide__slide\" tabindex=\"0\"><figure><img decoding=\"async\" class=\"wp-block-themeisle-blocks-slider-item\" src=\"https:\/\/www.mielterresfroides.fr\/wp-content\/uploads\/2025\/05\/WhatsApp-Image-2024-04-19-a-16.50.06_28966dd0.jpg\" alt=\"\" title=\"\" data-id=\"17\"\/><\/figure><\/div><div class=\"wp-block-themeisle-blocks-slider-item-wrapper glide__slide\" tabindex=\"0\"><figure><img decoding=\"async\" class=\"wp-block-themeisle-blocks-slider-item\" src=\"https:\/\/www.mielterresfroides.fr\/wp-content\/uploads\/2025\/05\/20250410_115940-scaled.jpg\" alt=\"\" title=\"\" data-id=\"124\"\/><\/figure><\/div><div class=\"wp-block-themeisle-blocks-slider-item-wrapper glide__slide\" tabindex=\"0\"><figure><img decoding=\"async\" class=\"wp-block-themeisle-blocks-slider-item\" src=\"https:\/\/www.mielterresfroides.fr\/wp-content\/uploads\/2025\/05\/ze-1-rotated.jpg\" alt=\"\" title=\"\" data-id=\"91\"\/><\/figure><\/div><\/div><div class=\"glide__bullets\" data-glide-el=\"controls[nav]\"><button class=\"glide__bullet\" data-glide-dir=\"=0\"><\/button><button class=\"glide__bullet\" data-glide-dir=\"=1\"><\/button><button class=\"glide__bullet\" data-glide-dir=\"=2\"><\/button><button class=\"glide__bullet\" data-glide-dir=\"=3\"><\/button><\/div><\/div><\/div><div class=\"wp-block-columns is-layout-flex wp-container-core-columns-is-layout-28f84493 wp-block-columns-is-layout-flex\"><div class=\"wp-block-column is-layout-flow wp-block-column-is-layout-flow\"><\/div><\/div>","protected":false},"excerpt":{"rendered":"<p>Je m\u2019appelle Delphine, et cela fait plus de 20 ans que je vis au rythme des abeilles, dans les Terres Froides, au c\u0153ur de l\u2019Is\u00e8re. Cette r\u00e9gion, riche en biodiversit\u00e9 et en paysages pr\u00e9serv\u00e9s, est le berceau de ma passion et le terrain de mes ruches. Ici, la nature guide [&hellip;]<\/p>\n","protected":false},"author":1,"featured_media":0,"parent":0,"menu_order":0,"comment_status":"closed","ping_status":"closed","template":"","meta":{"_themeisle_gutenberg_block_has_review":false,"footnotes":""},"class_list":["post-26","page","type-page","status-publish","hentry"],"_links":{"self":[{"href":"https:\/\/www.mielterresfroides.fr\/index.php\/wp-json\/wp\/v2\/pages\/26","targetHints":{"allow":["GET"]}}],"collection":[{"href":"https:\/\/www.mielterresfroides.fr\/index.php\/wp-json\/wp\/v2\/pages"}],"about":[{"href":"https:\/\/www.mielterresfroides.fr\/index.php\/wp-json\/wp\/v2\/types\/page"}],"author":[{"embeddable":true,"href":"https:\/\/www.mielterresfroides.fr\/index.php\/wp-json\/wp\/v2\/users\/1"}],"replies":[{"embeddable":true,"href":"https:\/\/www.mielterresfroides.fr\/index.php\/wp-json\/wp\/v2\/comments?post=26"}],"version-history":[{"count":11,"href":"https:\/\/www.mielterresfroides.fr\/index.php\/wp-json\/wp\/v2\/pages\/26\/revisions"}],"predecessor-version":[{"id":379,"href":"https:\/\/www.mielterresfroides.fr\/index.php\/wp-json\/wp\/v2\/pages\/26\/revisions\/379"}],"wp:attachment":[{"href":"https:\/\/www.mielterresfroides.fr\/index.php\/wp-json\/wp\/v2\/media?parent=26"}],"curies":[{"name":"wp","href":"https:\/\/api.w.org\/{rel}","templated":true}]}}